54?
False
Is 105390237 a multiple of 211?
False
Is 2245814189 a multiple of 347?
True
Is 17 a factor of 16495560?
False
Is 1072 a factor of 6713936?
True
Is 495 a factor of 133209945?
True
Is 61208601 a multiple of 5?
False
Is 19760983 a multiple of 865?
False
Does 92 divide 101280408?
True
Is 40 a factor of 56248138?
False
Does 845 divide 1683892340?
True
Is 37360310 a multiple of 26?
True
Does 2513 divide 28642364?
False
Is 10839373 a multiple of 19?
False
Is 48 a factor of 114178944?
True
Is 2677 a factor of 243167972?
True
Does 45 divide 120769303?
False
Does 1726 divide 177822624?
False
Does 914 divide 166652362?
True
Does 35 divide 74506355?
True
Does 9 divide 81770058?
True
Does 4 divide 19877188?
True
Does 14 divide 11556870?
False
Does 29 divide 129252623?
True
Does 8 divide 554974445?
False
Is 7 a factor of 39806116?
True
Is 1013 a factor of 5330406?
True
Is 886292939 a multiple of 3316?
False
Does 63 divide 511916517?
True
Is 62 a factor of 37652244?
False
Is 873 a factor of 51578317?
False
Does 80 divide 145666438?
False
Does 1505 divide 1582776478?
False
Does 8 divide 197416406?
False
Is 911735919 a multiple of 171?
True
Is 357 a factor of 37239027?
True
Is 4 a factor of 4646406?
False
Is 59737626 a multiple of 306?
True
Does 741 divide 490661301?
True
Is 1437 a factor of 177261135?
True
Does 18 divide 62162172?
True
Does 69 divide 55049994?
True
Does 42 divide 44801282?
False
Does 26 divide 3062092081?
False
Is 2266923134 a multiple of 14?
True
Does 12 divide 49175514?
False
Is 31421610 a multiple of 55?
True
Does 278 divide 445609814?
True
Is 486467242 a multiple of 76?
False
Is 158759770 a multiple of 52?
False
Does 17 divide 4684588?
True
Is 297040110 a multiple of 5?
True
Does 1551 divide 24794286?
True
Does 151 divide 25700405?
False
Is 616 a factor of 38868984?
True
Is 188249534 a multiple of 1802?
True
Does 838 divide 196873854?
True
Does 22 divide 51181900?
True
Is 545665217 a multiple of 1236?
False
Is 723510014 a multiple of 89?
True
Is 1461 a factor of 461696362?
False
Is 8 a factor of 182832586?
False
Does 101 divide 6647214?
True
Is 8359712 a multiple of 16?
True
Is 17623067 a multiple of 17?
True
Is 14 a factor of 841202978?
True
Is 59399666 a multiple of 2006?
True
Is 466 a factor of 347569828?
True
Does 24 divide 658195022?
False
Is 423786934 a multiple of 373?
True
Is 891502840 a multiple of 4?
True
Is 106599180 a multiple of 123?
True
Is 3 a factor of 20908956?
True
Is 4 a factor of 37678822?
False
Is 15 a factor of 51257985?
True
Is 58186686 a multiple of 1078?
False
Is 51289260 a multiple of 60?
True
Is 87659167 a multiple of 670?
False
Does 311 divide 8411146?
False
Is 27621056 a multiple of 136?
True
Does 2646 divide 381837654?
False
Does 171 divide 2396192904?
True
Is 236 a factor of 33784384?
False
Does 4428 divide 1481044105?
False
Does 1328 divide 286752384?
True
Is 35641736 a multiple of 993?
False
Does 70 divide 2742089420?
True
Is 852 a factor of 39528540?
True
Does 1404 divide 855668916?
False
Does 65 divide 326200964?
False
Does 4095 divide 103516013?
False
Is 47566673 a multiple of 80?
False
Is 1126664496 a multiple of 201?
True
Is 4860765 a multiple of 117?
True
Does 1218 divide 15482213?
False
Is 422157416 a multiple of 19?
False
Is 70880355 a multiple of 585?
True
Is 7403047008 a multiple of 744?
True
Is 145 a factor of 903381?
False
Is 2684288865 a multiple of 87?
True
Does 477 divide 79544043?
True
Is 40803723 a multiple of 5?
False
Does 34 divide 5657022?
True
Is 18 a factor of 2378736?
True
Is 300 a factor of 11657947?
False
Does 76 divide 128136380?
True
Is 349596382 a multiple of 157?
False
Is 1255359067 a multiple of 3419?
False
Is 1725 a factor of 1883806950?
True
Is 25 a factor of 16479950?
True
Does 787 divide 9766670?
True
Is 3670 a factor of 25678990?
True
Is 63720185 a multiple of 19?
False
Is 42 a factor of 35465?
False
Does 257 divide 1517413067?
True
Is 2880195570 a multiple of 5409?
False
Does 50 divide 87707550?
True
Is 629805589 a multiple of 4106?
False
Is 1234998176 a multiple of 2204?
True
Is 10371 a factor of 1133674752?
True
Is 18034228 a multiple of 2?
True
Is 10 a factor of 6273004780?
True
Is 106448780 a multiple of 10?
True
Does 1776 divide 174218772?
False
Is 25 a factor of 117333804?
False
Does 2885 divide 224744385?
True
Does 39 divide 8633398527?
True
Does 2358 divide 227585627?
False
Does 43 divide 54997774?
True
Is 5346496 a multiple of 3?
False
Is 6358402 a multiple of 43?
False
Is 1076276021 a multiple of 293?
True
Is 1668183972 a multiple of 847?
False
Is 166 a factor of 2512484368?
True
Is 20088356 a multiple of 457?
False
Is 787497557 a multiple of 1907?
True
Is 68479566 a multiple of 107?
False
Does 841 divide 89365368?
False
Does 412 divide 1458788829?
False
Is 347 a factor of 46462434?
False
Does 78 divide 45699186?
True
Does 457 divide 1837389303?
False
Is 1122 a factor of 21303414?
True
Is 962964415 a multiple of 2887?
False
Is 2941179221 a multiple of 14?
False
Is 356 a factor of 69588693?
False
Is 4216 a factor of 107613400?
True
Is 235664140 a multiple of 410?
False
Is 63 a factor of 131035977?
False
Does 1215 divide 71712945?
True
Is 303 a factor of 475381548?
True
Is 1357080775 a multiple of 6067?
False
Is 18565448 a multiple of 4?
True
Is 27 a factor of 43111744?
False
Is 30 a factor of 1660343922?
False
Is 7 a factor of 129189438?
True
Does 25 divide 272460268?
False
Is 5 a factor of 6695784?
False
Is 13 a factor of 91207358?
False
Is 1357311746 a multiple of 15?
False
Is 14706038 a multiple of 994?
False
Does 126 divide 146747034?
True
Is 17671072 a multiple of 276?
False
Is 34870711 a multiple of 59?
True
Is 599839875 a multiple of 375?
True
Is 409089506 a multiple of 1395?
False
Is 2476 a factor of 48081444?
True
Does 1051 divide 518310109?
True
Does 4319 divide 155373997?
False
Is 1824 a factor of 4812879?
False
Is 103201687 a multiple of 198?
False
Is 1472 a factor of 849001024?
True
Does 14 divide 5440880?
False
Does 2475 divide 411447589?
False
Is 1770 a factor of 2071710492?
False
Does 4156 divide 143697856?
True
Does 1234 divide 72265508?
True
Does 369 divide 629101458?
True
Does 9 divide 62144392?
False
Is 4 a factor of 94306752?
True
Is 2452306804 a multiple of 3348?
False
Is 179 a factor of 22786163?
True
Is 113354966 a multiple of 12?
False
Does 725 divide 2511787343?
False
Does 10 divide 1741419496?
False
Is 412 a factor of 28155799?
False
Is 1818474595 a multiple of 4632?
False
Does 14 divide 481309556?
True
Is 762325248 a multiple of 206?
True
Is 222178877 a multiple of 203?
False
Is 125 a factor of 21447500?
True
Does 6 divide 103343271?
False
Is 22714511 a multiple of 83?
False
Is 13 a factor of 35373620?
False
Does 134 divide 27341628?
True
Is 240633120 a multiple of 40?
True
Is 53032597 a multiple of 30?
False
Is 2856700 a multiple of 742?
True
Is 3394 a factor of 62721120?
True
Is 796144 a multiple of 2?
True
Is 199 a factor of 22397063?
False
Is 26 a factor of 65679796?
True
Does 889 divide 139239269?
False
Does 950 divide 90634723?
False
Does 562 divide 290739051?
False
Is 3630 a factor of 58619196?
False
Is 240802919 a multiple of 9?
False
Is 214 a factor of 59584628?
False
Is 4978778 a multiple of 2467?
False
Is 505664136 a multiple of 20?
False
Is 1380369242 a multiple of 7?
True
Is 690035 a multiple of 179?
False
Is 7 a factor of 67133353?
True
Is 2076144 a multiple of 24?
True
Is 5026 a factor of 549864504?
True
Is 3 a factor of 91848?
True
Does 2 divide 9016798?
True
Is 1259 a factor of 50050456?
False
Is 29 a factor of 235604810?
False
Is 121756529 a multiple of 37?
True
Is 2340170051 a multiple of 69?
False
Is 220744753 a multiple of 689?
False
Is 586750344 a multiple of 246?
True
Is 99614025 a multiple of 45?
True
Is 16615620 a multiple of 42?
True
Is 261 a factor of 5857101?
True
Is 226 a factor of 6870507?
False
Does 340 divide 1513978?
False
Is 7 a factor of 91600145?
True
Is 25 a factor of 442935151?
False
Does 14 divide 388432086?
True
Does 13044 divide 1900471668?
True
Is 10593667 a multiple of 4?
False
Does 42 divide 574851060?
True
Is 755794711 a multiple of 270?
False
Is 5032664596 a multiple of 15105?
False
Is 21 a factor of 1588461?
True
Does 331 divide 24114157?
False
Is 631 a factor of 102707656?